{"id":1098,"date":"2020-04-22T11:46:26","date_gmt":"2020-04-22T16:46:26","guid":{"rendered":"https:\/\/refricolombia.com\/?post_type=product&#038;p=1098"},"modified":"2025-09-10T13:54:32","modified_gmt":"2025-09-10T18:54:32","slug":"lavaplatos-lavamanos","status":"publish","type":"product","link":"https:\/\/refricolombia.com\/index.php\/producto\/lavaplatos-lavamanos\/","title":{"rendered":"LAVAPLATOS \/ LAVAMANOS"},"content":{"rendered":"<ul>\n<li><span style=\"font-family: helvetica, arial, sans-serif;\">Equipo elaborado en acero inoxidable brillante o satinado con cubierta en acero cal 18.<\/span><\/li>\n<li><span style=\"font-family: helvetica, arial, sans-serif;\">Poceta argoneada con acabados curvos.<\/span><\/li>\n<li><span style=\"font-family: helvetica, arial, sans-serif;\">Grifer\u00eda tipo Cisne mono-uso.<\/span><\/li>\n<li><span style=\"font-family: helvetica, arial, sans-serif;\">Pata en tubo de acero.<\/span><\/li>\n<li><span style=\"font-family: helvetica, arial, sans-serif;\">Entrepa\u00f1o en acero cal 22.<\/span><\/li>\n<li><span style=\"font-family: helvetica, arial, sans-serif;\">Salpicadero de 7 cm.<\/span><\/li>\n<li><span style=\"font-family: helvetica, arial, sans-serif;\">En el caso de los lavamanos se coloca sistema de activaci\u00f3n con pedal.<\/span><\/li>\n<\/ul>\n<p>&nbsp;<\/p>\n<p><span style=\"font-family: helvetica, arial, sans-serif; font-size: 14pt;\">Somos <strong>directos fabricantes<\/strong> y elaboramos su equipo seg\u00fan las dimensiones que necesite.<\/span><\/p>\n<p>&nbsp;<\/p>\n<p><span style=\"font-size: 8pt; font-family: helvetica, arial, sans-serif;\">Todos nuestros equipos tienen garant\u00eda de 1 a\u00f1o por defectos de fabricaci\u00f3n y la misma depende del cumplimiento de las condiciones presentadas en el manual de instrucciones. El servicio t\u00e9cnico se realizar\u00e1 dentro del per\u00edmetro urbano de la ciudad de Bogot\u00e1; En caso que fuere necesario realizar un servicio fuera de Bogot\u00e1, la empresa asume el costo de las refacciones y el cliente asume el costo de los vi\u00e1ticos.<\/span><br \/>\n<span style=\"font-size: 8pt; font-family: helvetica, arial, sans-serif;\">En caso que el problema sea causado por falta de mantenimiento o una manipulaci\u00f3n inadecuada del equipo detallada en el manual de operaciones como es el caso de alteraci\u00f3n del control, cambios de voltaje o el uso de conexiones el\u00e9ctricas no apropiadas, extensiones, ubicaci\u00f3n inapropiada, entre otros, es causal de perdida de la garant\u00eda la cual NO sera cubierta por la empresa y tendr\u00e1 un costo adicional por el servicio.<\/span><\/p>\n","protected":false},"excerpt":{"rendered":"<p>Equipo elaborado en acero inoxidable brillante o satinado con cubierta en acero cal 18. Poceta argoneada con acabados curvos. Grifer\u00eda tipo Cisne mono-uso. Pata en tubo de acero. Entrepa\u00f1o en acero cal 22. Salpicadero de 7 cm. En el caso de los lavamanos se coloca sistema de activaci\u00f3n con pedal. &nbsp; Somos directos fabricantes y &hellip;<\/p>\n","protected":false},"featured_media":1035,"comment_status":"closed","ping_status":"closed","template":"","meta":[],"product_brand":[],"product_cat":[21,17,18,22],"product_tag":[],"class_list":{"0":"post-1098","1":"product","2":"type-product","3":"status-publish","4":"has-post-thumbnail","6":"product_cat-3-linea-restaurantes-food-truck","7":"product_cat-4-linea-institucional","8":"product_cat-equipos-para-panaderia-y-pasteleria","9":"product_cat-equipos-para-restaurantes-y-cocinas","11":"first","12":"instock","13":"shipping-taxable","14":"product-type-simple"},"_links":{"self":[{"href":"https:\/\/refricolombia.com\/index.php\/wp-json\/wp\/v2\/product\/1098","targetHints":{"allow":["GET"]}}],"collection":[{"href":"https:\/\/refricolombia.com\/index.php\/wp-json\/wp\/v2\/product"}],"about":[{"href":"https:\/\/refricolombia.com\/index.php\/wp-json\/wp\/v2\/types\/product"}],"replies":[{"embeddable":true,"href":"https:\/\/refricolombia.com\/index.php\/wp-json\/wp\/v2\/comments?post=1098"}],"wp:featuredmedia":[{"embeddable":true,"href":"https:\/\/refricolombia.com\/index.php\/wp-json\/wp\/v2\/media\/1035"}],"wp:attachment":[{"href":"https:\/\/refricolombia.com\/index.php\/wp-json\/wp\/v2\/media?parent=1098"}],"wp:term":[{"taxonomy":"product_brand","embeddable":true,"href":"https:\/\/refricolombia.com\/index.php\/wp-json\/wp\/v2\/product_brand?post=1098"},{"taxonomy":"product_cat","embeddable":true,"href":"https:\/\/refricolombia.com\/index.php\/wp-json\/wp\/v2\/product_cat?post=1098"},{"taxonomy":"product_tag","embeddable":true,"href":"https:\/\/refricolombia.com\/index.php\/wp-json\/wp\/v2\/product_tag?post=1098"}],"curies":[{"name":"wp","href":"https:\/\/api.w.org\/{rel}","templated":true}]}}