{"id":1330,"date":"2020-04-20T21:10:31","date_gmt":"2020-04-21T02:10:31","guid":{"rendered":"https:\/\/refricolombia.com\/?post_type=product&#038;p=1330"},"modified":"2025-09-10T13:54:40","modified_gmt":"2025-09-10T18:54:40","slug":"gondola","status":"publish","type":"product","link":"https:\/\/refricolombia.com\/index.php\/producto\/gondola\/","title":{"rendered":"GONDOLA REFRIGERADA"},"content":{"rendered":"<p><span style=\"font-family: helvetica, arial, sans-serif;\">Las <strong>g\u00f3ndolas refrigeradas<\/strong> son equipos dise\u00f1ados para la exhibici\u00f3n diaria de producto. Una vez terminada la jornada se recoge el producto exhibido y se guarda en la bodega o en un cuarto fr\u00edo.<\/span><\/p>\n<p><span style=\"font-family: helvetica, arial, sans-serif;\">Cuando el equipo es para refrigeraci\u00f3n se puede manejar por tuber\u00eda (forma una leve escarcha y los entrepa\u00f1os pueden permanecer h\u00famedos) o por sistema de aire forzado donde los entrepa\u00f1os permanecen completamente secos. En caso que se desee con bodega, esta siempre tendr\u00e1 el sistema de fr\u00edo a trav\u00e9s de contacto directo por tuber\u00eda.<\/span><\/p>\n<p><span style=\"font-family: helvetica, arial, sans-serif;\">La unidad se puede colocar en el interior del equipo (unidad incorporada) o dentro del casillero que obedece al mueble donde se coloca la caja registradora o pesa. La ubicaci\u00f3n del mueble va acorde a la necesidad del cliente.<\/span><\/p>\n<p><span style=\"font-family: helvetica, arial, sans-serif;\">El tama\u00f1o del equipo depende de la cantidad de bandejas que se coloquen en el tendido interior, por lo cual su precio obedece a la longitud del tendido y modelo del vidrio.<\/span><\/p>\n<p><span style=\"font-family: helvetica, arial, sans-serif;\">A continuaci\u00f3n podr\u00e1 observar algunos modelos de nuestros equipos y sus caracter\u00edsticas generales.<\/span><\/p>\n<p>&nbsp;<\/p>\n<ul>\n<li><span style=\"font-family: helvetica, arial, sans-serif;\">Equipo elaborado en acero inoxidable satinado o brillante.<\/span><\/li>\n<li><span style=\"font-family: helvetica, arial, sans-serif;\">El vidrio frontal curvo.<\/span><\/li>\n<li><span style=\"font-family: helvetica, arial, sans-serif;\">Los vidrios laterales son de 10\u00a0 a 14 mm de grosor (Seg\u00fan producto y clima).<\/span><\/li>\n<li><span style=\"font-family: helvetica, arial, sans-serif;\">Aislamiento por inyecci\u00f3n de poliuretano de alta densidad y libre de CFC\u00b4s<\/span><\/li>\n<li><span style=\"font-family: helvetica, arial, sans-serif;\">Equipo operado con motocompresor Tecumseh de \u00faltima generaci\u00f3n a 110V.<\/span><\/li>\n<li><span style=\"font-family: helvetica, arial, sans-serif;\">El sistema de refrigeraci\u00f3n se puede manejar a trav\u00e9s de aire forzado que da fr\u00edo uniforme o a trav\u00e9s de contacto por tuber\u00eda donde se presenta un fr\u00edo h\u00famedo. El sistema de congelaci\u00f3n siempre se trabaja a trav\u00e9s de contacto por tuber\u00eda fija (forma escarcha).<\/span><\/li>\n<li><span style=\"font-family: helvetica, arial, sans-serif;\">El equipo se puede dise\u00f1ar con bodega para el almacenamiento de producto.<\/span><\/li>\n<li><span style=\"font-family: helvetica, arial, sans-serif;\">En la parte de exhibici\u00f3n se colocan puertas en vidrio mientras que en la bodega puertas selladas de m\u00e1xima apertura.<\/span><\/li>\n<li><span style=\"font-family: helvetica, arial, sans-serif;\">Se coloca un espacio para corte de producto de aproximadamente 30 cm de ancho.<\/span><\/li>\n<li><span style=\"font-family: helvetica, arial, sans-serif;\">Equipo soportado sobre ruedas elaboradas PU con doble balinera.<\/span><\/li>\n<li><span style=\"font-family: helvetica, arial, sans-serif;\">Unidad ubicada en al interior del equipo (incorporada).<\/span><\/li>\n<li><span style=\"font-family: helvetica, arial, sans-serif;\">Control digital con indicador de temperatura.<\/span><\/li>\n<li><span style=\"font-family: helvetica, arial, sans-serif;\">Protector de voltaje\u00a0 (colocado en equipos para clima c\u00e1lido)<\/span><\/li>\n<li><span style=\"font-family: helvetica, arial, sans-serif;\">Luz interior LED.<\/span><\/li>\n<\/ul>\n<p>&nbsp;<\/p>\n<p><span style=\"font-family: helvetica, arial, sans-serif; font-size: 14pt;\">Somos <strong>directos fabricantes<\/strong> y elaboramos su equipo seg\u00fan las dimensiones que necesite.<\/span><\/p>\n<p>&nbsp;<\/p>\n<p><span style=\"font-size: 8pt; font-family: helvetica, arial, sans-serif;\">Todos nuestros equipos tienen garant\u00eda de 1 a\u00f1o por defectos de fabricaci\u00f3n y la misma depende del cumplimiento de las condiciones presentadas en el manual de instrucciones. El servicio t\u00e9cnico se realizar\u00e1 dentro del per\u00edmetro urbano de la ciudad de Bogot\u00e1; En caso que fuere necesario realizar un servicio fuera de Bogot\u00e1, la empresa asume el costo de las refacciones y el cliente asume el costo de los vi\u00e1ticos.<\/span><br \/>\n<span style=\"font-size: 8pt; font-family: helvetica, arial, sans-serif;\">En caso que el problema sea causado por falta de mantenimiento o una manipulaci\u00f3n inadecuada del equipo detallada en el manual de operaciones como es el caso de alteraci\u00f3n del control, cambios de voltaje o el uso de conexiones el\u00e9ctricas no apropiadas, extensiones, ubicaci\u00f3n inapropiada, entre otros, es causal de perdida de la garant\u00eda la cual NO ser\u00e1 cubierta por la empresa y tendr\u00e1 un costo adicional por el servicio.<\/span><\/p>\n","protected":false},"excerpt":{"rendered":"<p>Las g\u00f3ndolas refrigeradas son equipos dise\u00f1ados para la exhibici\u00f3n diaria de producto. Una vez terminada la jornada se recoge el producto exhibido y se guarda en la bodega o en un cuarto fr\u00edo. Cuando el equipo es para refrigeraci\u00f3n se puede manejar por tuber\u00eda (forma una leve escarcha y los entrepa\u00f1os pueden permanecer h\u00famedos) o &hellip;<\/p>\n","protected":false},"featured_media":1331,"comment_status":"open","ping_status":"closed","template":"","meta":[],"product_brand":[],"product_cat":[20,17,24],"product_tag":[],"class_list":{"0":"post-1330","1":"product","2":"type-product","3":"status-publish","4":"has-post-thumbnail","6":"product_cat-2-linea-carnicerias-fruteria-salsamentaria-tiendas","7":"product_cat-4-linea-institucional","8":"product_cat-nevera-horizontal-de-exhibicion","10":"first","11":"instock","12":"shipping-taxable","13":"product-type-simple"},"_links":{"self":[{"href":"https:\/\/refricolombia.com\/index.php\/wp-json\/wp\/v2\/product\/1330","targetHints":{"allow":["GET"]}}],"collection":[{"href":"https:\/\/refricolombia.com\/index.php\/wp-json\/wp\/v2\/product"}],"about":[{"href":"https:\/\/refricolombia.com\/index.php\/wp-json\/wp\/v2\/types\/product"}],"replies":[{"embeddable":true,"href":"https:\/\/refricolombia.com\/index.php\/wp-json\/wp\/v2\/comments?post=1330"}],"wp:featuredmedia":[{"embeddable":true,"href":"https:\/\/refricolombia.com\/index.php\/wp-json\/wp\/v2\/media\/1331"}],"wp:attachment":[{"href":"https:\/\/refricolombia.com\/index.php\/wp-json\/wp\/v2\/media?parent=1330"}],"wp:term":[{"taxonomy":"product_brand","embeddable":true,"href":"https:\/\/refricolombia.com\/index.php\/wp-json\/wp\/v2\/product_brand?post=1330"},{"taxonomy":"product_cat","embeddable":true,"href":"https:\/\/refricolombia.com\/index.php\/wp-json\/wp\/v2\/product_cat?post=1330"},{"taxonomy":"product_tag","embeddable":true,"href":"https:\/\/refricolombia.com\/index.php\/wp-json\/wp\/v2\/product_tag?post=1330"}],"curies":[{"name":"wp","href":"https:\/\/api.w.org\/{rel}","templated":true}]}}