{"id":2448,"date":"2020-04-20T19:45:30","date_gmt":"2020-04-21T00:45:30","guid":{"rendered":"https:\/\/refricolombia.com\/?post_type=product&#038;p=2448"},"modified":"2025-09-10T13:59:06","modified_gmt":"2025-09-10T18:59:06","slug":"nevera-delux-2","status":"publish","type":"product","link":"https:\/\/refricolombia.com\/index.php\/producto\/nevera-delux-2\/","title":{"rendered":"NEVERA DELUX"},"content":{"rendered":"<p style=\"line-height: 18.0pt; background: white; margin: 1.5pt 0cm 9.6pt 0cm;\"><span style=\"font-size: 12pt; font-family: helvetica, arial, sans-serif; color: #32373c;\">Las neveras de exhibici\u00f3n de la l\u00ednea <strong>DELUX<\/strong> son equipos que impactan visualmente por su colorido y dise\u00f1o poco convencional. La mezcla entre una estructura de trazos rectos ligado a un dise\u00f1o con vidrio multicolor, genera un producto bastante llamativo y funcional.<\/span><\/p>\n<p style=\"line-height: 18.0pt; background: white; overflow-wrap: break-word; font-variant-ligatures: normal; font-variant-caps: normal; orphans: 2; text-align: start; widows: 2; -webkit-text-stroke-width: 0px; text-decoration-style: initial; text-decoration-color: initial; word-spacing: 0px; margin: 1.5pt 0cm 9.6pt 0cm;\"><span style=\"font-size: 12pt; font-family: helvetica, arial, sans-serif; color: #32373c;\">En este tipo de equipos se puede manejar 1 sola temperatura para todo el equipo, tal es el caso en las neveras para licores, l\u00e1cteos, gaseosas, carnes, pollo o pescado, o si se desea se puede hacer con un compartimento para manejar otra temperatura tipo bodega.<\/span><\/p>\n<p style=\"line-height: 18.0pt; background: white; overflow-wrap: break-word; font-variant-ligatures: normal; font-variant-caps: normal; orphans: 2; text-align: start; widows: 2; -webkit-text-stroke-width: 0px; text-decoration-style: initial; text-decoration-color: initial; word-spacing: 0px; margin: 1.5pt 0cm 9.6pt 0cm;\"><span style=\"font-size: 12pt; font-family: helvetica, arial, sans-serif; color: #32373c;\">Cuando el equipo es para refrigeraci\u00f3n se puede manejar por tuber\u00eda (forma una leve escarcha y los entrepa\u00f1os pueden permanecer h\u00famedos) o por sistema de aire forzado donde los entrepa\u00f1os permanecen completamente secos. La bodega siempre tendr\u00e1 el sistema de fr\u00edo a trav\u00e9s de contacto directo por tuber\u00eda.<\/span><\/p>\n<p style=\"line-height: 18.0pt; background: white; overflow-wrap: break-word; font-variant-ligatures: normal; font-variant-caps: normal; orphans: 2; text-align: start; widows: 2; -webkit-text-stroke-width: 0px; text-decoration-style: initial; text-decoration-color: initial; word-spacing: 0px; margin: 1.5pt 0cm 9.6pt 0cm;\"><span style=\"font-size: 12pt; font-family: helvetica, arial, sans-serif; color: #32373c;\">Por su dise\u00f1o, este tipo de equipos se trabajan exclusivamente con vidrio plano grueso y laterales de 16 mm de espesor, todos ellos con xeligraf\u00eda seg\u00fan gusto del cliente, que ligado a la luz LED genera un producto de impacto visual.<\/span><\/p>\n<p style=\"line-height: 18.0pt; background: white; overflow-wrap: break-word; font-variant-ligatures: normal; font-variant-caps: normal; orphans: 2; text-align: start; widows: 2; -webkit-text-stroke-width: 0px; text-decoration-style: initial; text-decoration-color: initial; word-spacing: 0px; margin: 1.5pt 0cm 9.6pt 0cm;\"><span style=\"font-size: 12pt; font-family: helvetica, arial, sans-serif; color: #32373c;\">Por dise\u00f1o este tipo de equipos van con la unidad ubicada al interior del equipo (unidad incorporada).<\/span><\/p>\n<p style=\"line-height: 18.0pt; background: white; overflow-wrap: break-word; font-variant-ligatures: normal; font-variant-caps: normal; orphans: 2; text-align: start; widows: 2; -webkit-text-stroke-width: 0px; text-decoration-style: initial; text-decoration-color: initial; word-spacing: 0px; margin: 1.5pt 0cm 9.6pt 0cm;\"><span style=\"font-size: 12pt; font-family: helvetica, arial, sans-serif; color: #32373c;\">El tama\u00f1o del equipo depende de la cantidad de bandejas que se coloquen en el tendido interior, por lo cual su precio obedece a la longitud del tendido y modelo del vidrio.<\/span><\/p>\n<p><span style=\"font-family: helvetica, arial, sans-serif;\">A continuaci\u00f3n podr\u00e1 observar algunos modelos de nuestros equipos y sus caracter\u00edsticas generales.<\/span><\/p>\n<p>&nbsp;<\/p>\n<ul>\n<li><span style=\"font-family: helvetica, arial, sans-serif; font-size: 12pt;\">Equipo elaborado en acero inoxidable satinado o brillante.<\/span><\/li>\n<li><span style=\"font-family: helvetica, arial, sans-serif; font-size: 12pt;\">Atura total standar de 130 cm con lo cual se manejan 2 entrepa\u00f1os y el tendido (3 espacios o niveles) para la exhibici\u00f3n de producto.<\/span><\/li>\n<li><span style=\"font-family: helvetica, arial, sans-serif; font-size: 12pt;\">Si el equipo se requiere de 150 cm de altura, se manejan 3 entrepa\u00f1os\u00a0 y el tendido (4 espacios o niveles ) para la exhibici\u00f3n de producto.<\/span><\/li>\n<li><span style=\"font-family: helvetica, arial, sans-serif; font-size: 12pt;\">El vidrio frontal puede ser plano o curvo.<\/span><\/li>\n<li><span style=\"font-family: helvetica, arial, sans-serif; font-size: 12pt;\">Los vidrios laterales so de 14\u00a0 a 20 mm de grosor (Seg\u00fan producto y clima).<\/span><\/li>\n<li><span style=\"font-family: helvetica, arial, sans-serif; font-size: 12pt;\">Aislamiento por inyecci\u00f3n de poliuretano de alta densidad y libre de CFC\u00b4s<\/span><\/li>\n<li><span style=\"font-family: helvetica, arial, sans-serif; font-size: 12pt;\">Equipo operado con motocompresor Tecumseh de \u00faltima generaci\u00f3n a 110V.<\/span><\/li>\n<li><span style=\"font-family: helvetica, arial, sans-serif; font-size: 12pt;\">El sistema de refrigeraci\u00f3n se puede manejar a trav\u00e9s de aire forzado que da fr\u00edo uniforme a todos los entrepa\u00f1os y permanecen secos, o a trav\u00e9s de contacto por tuber\u00eda donde se presenta un fr\u00edo h\u00famedo. El sistema de congelaci\u00f3n siempre se trabaja a trav\u00e9s de contacto por tuber\u00eda fija (forma escarcha).<\/span><\/li>\n<li><span style=\"font-family: helvetica, arial, sans-serif; font-size: 12pt;\">Puertas selladas de m\u00e1xima apertura<\/span><\/li>\n<li><span style=\"font-family: helvetica, arial, sans-serif; font-size: 12pt;\">Equipo soportado sobre ruedas elaboradas PU con doble balinera.<\/span><\/li>\n<li><span style=\"font-family: helvetica, arial, sans-serif; font-size: 12pt;\">Unidad ubicada en al interior del equipo (incorporada).<\/span><\/li>\n<li><span style=\"font-family: helvetica, arial, sans-serif; font-size: 12pt;\">Control digital con indicador de temperatura.<\/span><\/li>\n<li><span style=\"font-family: helvetica, arial, sans-serif; font-size: 12pt;\">Protector de voltaje\u00a0 (colocado en equipos para clima c\u00e1lido)<\/span><\/li>\n<li><span style=\"font-family: helvetica, arial, sans-serif; font-size: 12pt;\">Luz interior LED.<\/span><\/li>\n<\/ul>\n<p>&nbsp;<\/p>\n<p><span style=\"font-family: helvetica, arial, sans-serif; font-size: 14pt;\">Somos <strong>directos fabricantes<\/strong> y elaboramos su equipo seg\u00fan las dimensiones que necesite.<\/span><\/p>\n<p>&nbsp;<\/p>\n<p><span style=\"font-size: 8pt; font-family: helvetica, arial, sans-serif;\">Todos nuestros equipos tienen garant\u00eda de 1 a\u00f1o por defectos de fabricaci\u00f3n y la misma depende del cumplimiento de las condiciones presentadas en el manual de instrucciones. El servicio t\u00e9cnico se realizar\u00e1 dentro del per\u00edmetro urbano de la ciudad de Bogot\u00e1; En caso que fuere necesario realizar un servicio fuera de Bogot\u00e1, la empresa asume el costo de las refacciones y el cliente asume el costo de los vi\u00e1ticos.<\/span><br \/>\n<span style=\"font-size: 8pt; font-family: helvetica, arial, sans-serif;\">En caso que el problema sea causado por falta de mantenimiento o una manipulaci\u00f3n inadecuada del equipo detallada en el manual de operaciones como es el caso de alteraci\u00f3n del control, cambios de voltaje o el uso de conexiones el\u00e9ctricas no apropiadas, extensiones, ubicaci\u00f3n inapropiada, entre otros, es causal de perdida de la garant\u00eda la cual NO ser\u00e1 cubierta por la empresa y tendr\u00e1 un costo adicional por el servicio.<\/span><\/p>\n","protected":false},"excerpt":{"rendered":"<p>Las neveras de exhibici\u00f3n de la l\u00ednea DELUX son equipos que impactan visualmente por su colorido y dise\u00f1o poco convencional. La mezcla entre una estructura de trazos rectos ligado a un dise\u00f1o con vidrio multicolor, genera un producto bastante llamativo y funcional. En este tipo de equipos se puede manejar 1 sola temperatura para todo &hellip;<\/p>\n","protected":false},"featured_media":872,"comment_status":"closed","ping_status":"closed","template":"","meta":[],"product_brand":[],"product_cat":[20,24],"product_tag":[],"class_list":{"0":"post-2448","1":"product","2":"type-product","3":"status-publish","4":"has-post-thumbnail","6":"product_cat-2-linea-carnicerias-fruteria-salsamentaria-tiendas","7":"product_cat-nevera-horizontal-de-exhibicion","9":"first","10":"instock","11":"shipping-taxable","12":"product-type-simple"},"_links":{"self":[{"href":"https:\/\/refricolombia.com\/index.php\/wp-json\/wp\/v2\/product\/2448","targetHints":{"allow":["GET"]}}],"collection":[{"href":"https:\/\/refricolombia.com\/index.php\/wp-json\/wp\/v2\/product"}],"about":[{"href":"https:\/\/refricolombia.com\/index.php\/wp-json\/wp\/v2\/types\/product"}],"replies":[{"embeddable":true,"href":"https:\/\/refricolombia.com\/index.php\/wp-json\/wp\/v2\/comments?post=2448"}],"wp:featuredmedia":[{"embeddable":true,"href":"https:\/\/refricolombia.com\/index.php\/wp-json\/wp\/v2\/media\/872"}],"wp:attachment":[{"href":"https:\/\/refricolombia.com\/index.php\/wp-json\/wp\/v2\/media?parent=2448"}],"wp:term":[{"taxonomy":"product_brand","embeddable":true,"href":"https:\/\/refricolombia.com\/index.php\/wp-json\/wp\/v2\/product_brand?post=2448"},{"taxonomy":"product_cat","embeddable":true,"href":"https:\/\/refricolombia.com\/index.php\/wp-json\/wp\/v2\/product_cat?post=2448"},{"taxonomy":"product_tag","embeddable":true,"href":"https:\/\/refricolombia.com\/index.php\/wp-json\/wp\/v2\/product_tag?post=2448"}],"curies":[{"name":"wp","href":"https:\/\/api.w.org\/{rel}","templated":true}]}}