{"id":2451,"date":"2020-04-21T01:39:36","date_gmt":"2020-04-21T06:39:36","guid":{"rendered":"https:\/\/refricolombia.com\/?post_type=product&#038;p=2451"},"modified":"2025-09-10T13:59:07","modified_gmt":"2025-09-10T18:59:07","slug":"pastelera-especial-2","status":"publish","type":"product","link":"https:\/\/refricolombia.com\/index.php\/producto\/pastelera-especial-2\/","title":{"rendered":"PASTELERA ESPECIAL"},"content":{"rendered":"<p style=\"line-height: 18.0pt; background: white; margin: 1.5pt 0cm 9.6pt 0cm;\"><span style=\"font-size: 12pt; font-family: helvetica, arial, sans-serif; color: #32373c;\">Hemos realizado dise\u00f1os especiales que se ajustan a los requerimientos de nuestros clientes, en los cuales se dispone de un espacio para refrigeraci\u00f3n donde se puede ubicar tortas, postres, bebidas, s\u00e1ndwich, emparedados y l\u00e1cteos y otro para colocar productos al clima como es el caso de galleter\u00eda y dulcer\u00eda.<\/span><\/p>\n<p style=\"line-height: 18.0pt; background: white; overflow-wrap: break-word; font-variant-ligatures: normal; font-variant-caps: normal; orphans: 2; text-align: start; widows: 2; -webkit-text-stroke-width: 0px; text-decoration-style: initial; text-decoration-color: initial; word-spacing: 0px; margin: 1.5pt 0cm 9.6pt 0cm;\"><span style=\"font-size: 12pt; font-family: helvetica, arial, sans-serif; color: #32373c;\">Se aplica el sistema de refrigeraci\u00f3n a trav\u00e9s de aire forzado con lo cual se da una distribuci\u00f3n uniforme del fr\u00edo.<\/span><\/p>\n<p style=\"line-height: 18.0pt; background: white; overflow-wrap: break-word; font-variant-ligatures: normal; font-variant-caps: normal; orphans: 2; text-align: start; widows: 2; -webkit-text-stroke-width: 0px; text-decoration-style: initial; text-decoration-color: initial; word-spacing: 0px; margin: 1.5pt 0cm 9.6pt 0cm;\"><span style=\"font-size: 12pt; font-family: helvetica, arial, sans-serif; color: #32373c;\">Acorde al tipo de producto que se maneja se pueden fabricar bien sea de 2 entrepa\u00f1os (tortas o gaseosas) o con 3 entrepa\u00f1os (productos porcionados o botellas peque\u00f1as y jugos en caja).<\/span><\/p>\n<p style=\"line-height: 18.0pt; background: white; overflow-wrap: break-word; font-variant-ligatures: normal; font-variant-caps: normal; orphans: 2; text-align: start; widows: 2; -webkit-text-stroke-width: 0px; text-decoration-style: initial; text-decoration-color: initial; word-spacing: 0px; margin: 1.5pt 0cm 9.6pt 0cm;\"><span style=\"font-size: 12pt; font-family: helvetica, arial, sans-serif; color: #32373c;\">En ciudades con temperaturas c\u00e1lidas (Superiores a los 25\u00b0C) se recomienda utilizar vidrio doble empachado a fin de evitar la formaci\u00f3n de roc\u00edo en la parte externa del equipo.<\/span><\/p>\n<p style=\"line-height: 18.0pt; background: white; overflow-wrap: break-word; font-variant-ligatures: normal; font-variant-caps: normal; orphans: 2; text-align: start; widows: 2; -webkit-text-stroke-width: 0px; text-decoration-style: initial; text-decoration-color: initial; word-spacing: 0px; margin: 1.5pt 0cm 9.6pt 0cm;\"><span style=\"font-size: 12pt; font-family: helvetica, arial, sans-serif; color: #32373c;\">Las vitrinas galleteras o neutras (al clima) poseen el mismo dise\u00f1o que la pastelera con la posibilidad de manejar una peque\u00f1a bodega o dejar de m\u00e1xima exhibici\u00f3n.<\/span><\/p>\n<p><span style=\"font-family: helvetica, arial, sans-serif;\">A continuaci\u00f3n se presentan las principales caracter\u00edsticas de estos equipos:<\/span><\/p>\n<p>&nbsp;<\/p>\n<ul>\n<li><span style=\"font-family: helvetica, arial, sans-serif;\">Vitrina refrigerada elaborada en acero inoxidable brillante o satinado.<\/span><\/li>\n<li><span style=\"font-family: helvetica, arial, sans-serif;\">Elaborada la parte externa con vidrio crudo biselado y pulido o en vidrio templado de 8 o\u00a0 10 mm.<\/span><\/li>\n<li><span style=\"font-family: helvetica, arial, sans-serif;\">Aislamiento por inyecci\u00f3n de poliuretano de alta densidad y libre de CFC\u00b4s<\/span><\/li>\n<li><span style=\"font-family: helvetica, arial, sans-serif;\">Equipo operado con motocompresor Tecumseh de \u00faltima generaci\u00f3n a 110V.<\/span><\/li>\n<li><span style=\"font-family: helvetica, arial, sans-serif;\">Sistema de refrigeraci\u00f3n a trav\u00e9s de aire forzado que da frio uniforme a todos los entrepa\u00f1os.<\/span><\/li>\n<li><span style=\"font-family: helvetica, arial, sans-serif;\">Puertas selladas o en vidrio de m\u00e1xima apertura<\/span><\/li>\n<li><span style=\"font-family: helvetica, arial, sans-serif;\">Equipo soportado sobre ruedas elaboradas PU con doble balinera.<\/span><\/li>\n<li><span style=\"font-family: helvetica, arial, sans-serif;\">Unidad ubicada en la parte inferior con autoevaporador de condensado.<\/span><\/li>\n<li><span style=\"font-family: helvetica, arial, sans-serif;\">Control digital con indicador de temperatura.<\/span><\/li>\n<li><span style=\"font-family: helvetica, arial, sans-serif;\">Rango de operaci\u00f3n con control digital entre 0 a 6 \u00b0C.<\/span><\/li>\n<li><span style=\"font-family: helvetica, arial, sans-serif;\">Protector de voltaje (opcional .<\/span><\/li>\n<li><span style=\"font-family: helvetica, arial, sans-serif;\">Luz interior LED.<\/span><\/li>\n<\/ul>\n<p>&nbsp;<\/p>\n<p><span style=\"font-family: helvetica, arial, sans-serif;\"><strong><span style=\"font-size: 14pt;\">Nota<\/span>:<\/strong> Para clima c\u00e1lido se recomienda que\u00a0la parte externa sea con vidrio crudo biselado y pulido empachado.<\/span><\/p>\n<p>&nbsp;<\/p>\n<p><span style=\"font-family: helvetica, arial, sans-serif; font-size: 14pt;\">Somos <strong>directos fabricantes<\/strong> y elaboramos su equipo seg\u00fan las dimensiones que necesite.<\/span><\/p>\n<p>&nbsp;<\/p>\n<p><span style=\"font-size: 8pt; font-family: helvetica, arial, sans-serif;\">Todos nuestros equipos tienen garant\u00eda de 1 a\u00f1o por defectos de fabricaci\u00f3n y la misma depende del cumplimiento de las condiciones presentadas en el manual de instrucciones. El servicio t\u00e9cnico se realizar\u00e1 dentro del per\u00edmetro urbano de la ciudad de Bogot\u00e1; En caso que fuere necesario realizar un servicio fuera de Bogot\u00e1, la empresa asume el costo de las refacciones y el cliente asume el costo de los vi\u00e1ticos.<\/span><br \/>\n<span style=\"font-size: 8pt; font-family: helvetica, arial, sans-serif;\">En caso que el problema sea causado por falta de mantenimiento o una manipulaci\u00f3n inadecuada del equipo detallada en el manual de operaciones como es el caso de alteraci\u00f3n del control, cambios de voltaje o el uso de conexiones el\u00e9ctricas no apropiadas, extensiones, ubicaci\u00f3n inapropiada, entre otros, es causal de perdida de la garant\u00eda la cual NO sera cubierta por la empresa y tendr\u00e1 un costo adicional por el servicio.<\/span><\/p>\n","protected":false},"excerpt":{"rendered":"<p>Hemos realizado dise\u00f1os especiales que se ajustan a los requerimientos de nuestros clientes, en los cuales se dispone de un espacio para refrigeraci\u00f3n donde se puede ubicar tortas, postres, bebidas, s\u00e1ndwich, emparedados y l\u00e1cteos y otro para colocar productos al clima como es el caso de galleter\u00eda y dulcer\u00eda. Se aplica el sistema de refrigeraci\u00f3n &hellip;<\/p>\n","protected":false},"featured_media":939,"comment_status":"open","ping_status":"closed","template":"","meta":[],"product_brand":[],"product_cat":[16,17,18,19],"product_tag":[],"class_list":{"0":"post-2451","1":"product","2":"type-product","3":"status-publish","4":"has-post-thumbnail","6":"product_cat-1-linea-cafeteria-panaderia-salon-de-onces","7":"product_cat-4-linea-institucional","8":"product_cat-equipos-para-panaderia-y-pasteleria","9":"product_cat-vitrina-pastelera","11":"first","12":"instock","13":"shipping-taxable","14":"product-type-simple"},"_links":{"self":[{"href":"https:\/\/refricolombia.com\/index.php\/wp-json\/wp\/v2\/product\/2451","targetHints":{"allow":["GET"]}}],"collection":[{"href":"https:\/\/refricolombia.com\/index.php\/wp-json\/wp\/v2\/product"}],"about":[{"href":"https:\/\/refricolombia.com\/index.php\/wp-json\/wp\/v2\/types\/product"}],"replies":[{"embeddable":true,"href":"https:\/\/refricolombia.com\/index.php\/wp-json\/wp\/v2\/comments?post=2451"}],"wp:featuredmedia":[{"embeddable":true,"href":"https:\/\/refricolombia.com\/index.php\/wp-json\/wp\/v2\/media\/939"}],"wp:attachment":[{"href":"https:\/\/refricolombia.com\/index.php\/wp-json\/wp\/v2\/media?parent=2451"}],"wp:term":[{"taxonomy":"product_brand","embeddable":true,"href":"https:\/\/refricolombia.com\/index.php\/wp-json\/wp\/v2\/product_brand?post=2451"},{"taxonomy":"product_cat","embeddable":true,"href":"https:\/\/refricolombia.com\/index.php\/wp-json\/wp\/v2\/product_cat?post=2451"},{"taxonomy":"product_tag","embeddable":true,"href":"https:\/\/refricolombia.com\/index.php\/wp-json\/wp\/v2\/product_tag?post=2451"}],"curies":[{"name":"wp","href":"https:\/\/api.w.org\/{rel}","templated":true}]}}